{"id":409,"date":"2024-10-22T15:55:51","date_gmt":"2024-10-22T15:55:51","guid":{"rendered":"https:\/\/3dministry.ro\/?page_id=409"},"modified":"2024-12-17T10:10:34","modified_gmt":"2024-12-17T10:10:34","slug":"https-www-youtube-com-3dministry-videos","status":"publish","type":"page","link":"https:\/\/3dministry.ro\/?page_id=409","title":{"rendered":"Nout\u0103\u021bi:"},"content":{"rendered":"\n<figure class=\"wp-block-image size-large\"><a href=\"https:\/\/www.facebook.com\/events\/944535444260736?acontext=%7B%22event_action_history%22%3A[%7B%22mechanism%22%3A%22attachment%22%2C%22surface%22%3A%22newsfeed%22%7D]%2C%22ref_notif_type%22%3Anull%7D&amp;_rdc=1&amp;_rdr\" target=\"_blank\" rel=\" noreferrer noopener\"><img loading=\"lazy\" decoding=\"async\" width=\"1024\" height=\"554\" src=\"https:\/\/3dministry.ro\/wp-content\/uploads\/2024\/12\/CRACIUN-2024-2-1024x554.jpg\" alt=\"\" class=\"wp-image-429\" srcset=\"https:\/\/3dministry.ro\/wp-content\/uploads\/2024\/12\/CRACIUN-2024-2-1024x554.jpg 1024w, https:\/\/3dministry.ro\/wp-content\/uploads\/2024\/12\/CRACIUN-2024-2-300x162.jpg 300w, https:\/\/3dministry.ro\/wp-content\/uploads\/2024\/12\/CRACIUN-2024-2-768x416.jpg 768w, https:\/\/3dministry.ro\/wp-content\/uploads\/2024\/12\/CRACIUN-2024-2-1536x832.jpg 1536w, https:\/\/3dministry.ro\/wp-content\/uploads\/2024\/12\/CRACIUN-2024-2-2048x1109.jpg 2048w\" sizes=\"auto, (max-width: 1024px) 100vw, 1024px\" \/><\/a><\/figure>\n\n\n\n<p>(Isaia 9:6-7) \u201dC\u0103ci un Copil ni S-a n\u0103scut, un Fiu ni s-a dat \u0219i domnia va fi pe um\u0103rul Lui; \u00cel vor numi: Minunat, Sfetnic, Dumnezeu tare, P\u0103rintele ve\u0219niciilor, Domn al p\u0103cii &#8230; ISUS HRISTOS\u201d<br>\ud835\uddd6\ud835\udde5\u0102\ud835\uddd6\ud835\udddc\ud835\udde8\ud835\udde1\ud835\udde8\ud835\udddf reprezint\u0103 dragoste \u0219i d\u0103ruire. De Cr\u0103ciun, Dumnezeu Tat\u0103l ne-a d\u0103ruit tot ce a avut mai pre\u021bios, pe Fiul S\u0103u \u2013 Isus Hristos, pentru m\u00e2ntuire.&nbsp;<\/p>\n\n\n\n<figure class=\"wp-block-image\"><img decoding=\"async\" src=\"https:\/\/static.xx.fbcdn.net\/images\/emoji.php\/v9\/tea\/1\/16\/1f970.png\" alt=\"\ud83e\udd70\"\/><\/figure>\n\n\n\n<figure class=\"wp-block-image\"><img decoding=\"async\" src=\"https:\/\/static.xx.fbcdn.net\/images\/emoji.php\/v9\/tfe\/1\/16\/1f44f.png\" alt=\"\ud83d\udc4f\"\/><\/figure>\n\n\n\n<figure class=\"wp-block-image\"><img decoding=\"async\" src=\"https:\/\/static.xx.fbcdn.net\/images\/emoji.php\/v9\/t6d\/1\/16\/1f973.png\" alt=\"\ud83e\udd73\"\/><\/figure>\n\n\n\n<p>\u00cen acest an, \ud835\uddf1\ud835\uddf2 \ud835\uddd6\ud835\uddff\u0103\ud835\uddf0\ud835\uddf6\ud835\ude02\ud835\uddfb \ud835\ude03\ud835\uddff\ud835\uddf2\ud835\uddfa \ud835\ude00\u0103 \ud835\uddee\ud835\uddf7\ud835\ude02\ud835\ude01\u0103\ud835\uddfa \ud835\uddf0\ud835\uddfc\ud835\uddfd\ud835\uddf6\ud835\uddf6\ud835\uddf6 \ud835\uddfc\ud835\uddff\ud835\uddf3\ud835\uddee\ud835\uddfb\ud835\uddf6 din Centrele sociale cu v\u00e2rste cuprinse \u00eentre 5-18 ani.<br>\ud835\uddd7\ud835\uddee\ud835\uddf0\u0103 \ud835\ude03\ud835\uddff\ud835\uddf2\ud835\uddf6 \ud835\ude00\u0103 \ud835\uddf1\u0103\ud835\uddff\ud835\ude02\ud835\uddf6\ud835\uddf2\u0219\ud835\ude01\ud835\uddf6 \u0219\ud835\uddf6 \ud835\ude01\ud835\ude02, \ud835\uddee\ud835\uddff \ud835\uddf3\ud835\uddf6 \ud835\uddfa\ud835\uddf6\ud835\uddfb\ud835\ude02\ud835\uddfb\ud835\uddee\ud835\ude01!<\/p>\n\n\n\n<figure class=\"wp-block-image\"><img decoding=\"async\" src=\"https:\/\/static.xx.fbcdn.net\/images\/emoji.php\/v9\/tea\/1\/16\/1f970.png\" alt=\"\ud83e\udd70\"\/><\/figure>\n\n\n\n<figure class=\"wp-block-image\"><img decoding=\"async\" src=\"https:\/\/static.xx.fbcdn.net\/images\/emoji.php\/v9\/tfe\/1\/16\/1f44f.png\" alt=\"\ud83d\udc4f\"\/><\/figure>\n\n\n\n<p>Orice ajutor este binevenit; de la o juc\u0103rie, o hain\u0103 sau alimente, p\u00e2n\u0103 la rechizite, sau doar o \u00eencurajare, etc, va face ca aceast\u0103 Sf\u00e2nt\u0103 S\u0103rb\u0103toare s\u0103 fie mai bun\u0103 pentru un copil.<br>Dac\u0103 dore\u0219ti s\u0103 te implici mai mult, s\u0103 faci un pachet dedicat sau ai alt\u0103 idee, avem o list\u0103 cu copiii pe care vrem s\u0103-i ajut\u0103m \u0219i ne po\u021bi contacta \u00een privat pentru detalii.<\/p>\n\n\n\n<figure class=\"wp-block-image\"><img decoding=\"async\" src=\"https:\/\/static.xx.fbcdn.net\/images\/emoji.php\/v9\/t72\/1\/16\/1f934.png\" alt=\"\ud83e\udd34\"\/><\/figure>\n\n\n\n<figure class=\"wp-block-image\"><img decoding=\"async\" src=\"https:\/\/static.xx.fbcdn.net\/images\/emoji.php\/v9\/t58\/1\/16\/1f47c.png\" alt=\"\ud83d\udc7c\"\/><\/figure>\n\n\n\n<p>\ud835\uddd7\ud835\uddf2 \ud835\uddee\ud835\ude00\ud835\uddf2\ud835\uddfa\ud835\uddf2\ud835\uddfb\ud835\uddf2\ud835\uddee, \ud835\ude00\ud835\ude02\ud835\uddfb\ud835\ude01\ud835\uddf2\u021b\ud835\uddf6 \ud835\uddf6\ud835\uddfb\ud835\ude03\ud835\uddf6\ud835\ude01\ud835\uddee\u021b\ud835\uddf6 \ud835\uddf9\ud835\uddee \ud835\uddfc \ud835\ude00\ud835\uddf2\ud835\uddee\ud835\uddff\u0103 \ud835\uddf1\ud835\uddf2 \ud835\uddd6\ud835\udde2\ud835\udddf\ud835\udddc\ud835\udde1\ud835\uddd7\ud835\uddd8 \u0219\ud835\uddf6 \ud835\uddd6\u00c2\ud835\udde1\ud835\udde7\ud835\uddd8\ud835\uddd6\ud835\uddd8 \ud835\uddd6\ud835\udde5\ud835\uddd8\u0218\ud835\udde7\ud835\udddc\ud835\udde1\ud835\uddd8 LUNI 23 \ud835\uddd7\ud835\uddf2\ud835\uddf0\ud835\uddf2\ud835\uddfa\ud835\uddef\ud835\uddff\ud835\uddf6\ud835\uddf2 \ud835\udfee\ud835\udfec\ud835\udfee\ud835\udff0 \ud835\uddfc\ud835\uddff\ud835\uddee \ud835\udfed6, \ud835\udde6\ud835\ude01\ud835\uddff\ud835\uddee\ud835\uddf1\ud835\uddee \ud835\udde0\ud835\uddfc\ud835\uddff\ud835\uddf6\ud835\uddf9\ud835\uddfc\ud835\uddff \ud835\udfef\ud835\udff3, \ud835\uddd5\ud835\ude02\ud835\uddf0\ud835\ude02\ud835\uddff\ud835\uddf2\u0219\ud835\ude01\ud835\uddf6.&nbsp;<\/p>\n\n\n\n<p>Vezi mai pu\u0163in<\/p>\n\n\n\n<p><\/p>\n","protected":false},"excerpt":{"rendered":"<p>(Isaia 9:6-7) \u201dC\u0103ci un Copil ni S-a n\u0103scut, un Fiu ni s-a dat \u0219i domnia va fi pe um\u0103rul Lui; \u00cel vor numi: Minunat, Sfetnic, Dumnezeu tare, P\u0103rintele ve\u0219niciilor, Domn al p\u0103cii &#8230; ISUS HRISTOS\u201d\ud835\uddd6\ud835\udde5\u0102\ud835\uddd6\ud835\udddc\ud835\udde8\ud835\udde1\ud835\udde8\ud835\udddf reprezint\u0103 dragoste \u0219i d\u0103ruire. De Cr\u0103ciun, Dumnezeu Tat\u0103l ne-a d\u0103ruit tot ce a avut mai pre\u021bios, pe Fiul S\u0103u \u2013 [&hellip;]<\/p>\n","protected":false},"author":1,"featured_media":0,"parent":0,"menu_order":0,"comment_status":"closed","ping_status":"closed","template":"","meta":{"om_disable_all_campaigns":false,"_monsterinsights_skip_tracking":false,"_monsterinsights_sitenote_active":false,"_monsterinsights_sitenote_note":"","_monsterinsights_sitenote_category":0,"footnotes":""},"class_list":["post-409","page","type-page","status-publish","hentry"],"aioseo_notices":[],"_links":{"self":[{"href":"https:\/\/3dministry.ro\/index.php?rest_route=\/wp\/v2\/pages\/409","targetHints":{"allow":["GET"]}}],"collection":[{"href":"https:\/\/3dministry.ro\/index.php?rest_route=\/wp\/v2\/pages"}],"about":[{"href":"https:\/\/3dministry.ro\/index.php?rest_route=\/wp\/v2\/types\/page"}],"author":[{"embeddable":true,"href":"https:\/\/3dministry.ro\/index.php?rest_route=\/wp\/v2\/users\/1"}],"replies":[{"embeddable":true,"href":"https:\/\/3dministry.ro\/index.php?rest_route=%2Fwp%2Fv2%2Fcomments&post=409"}],"version-history":[{"count":0,"href":"https:\/\/3dministry.ro\/index.php?rest_route=\/wp\/v2\/pages\/409\/revisions"}],"wp:attachment":[{"href":"https:\/\/3dministry.ro\/index.php?rest_route=%2Fwp%2Fv2%2Fmedia&parent=409"}],"curies":[{"name":"wp","href":"https:\/\/api.w.org\/{rel}","templated":true}]}}